40. Suppose 5*i + g - 35 = 0. Suppose -i*r + 2 + 8 = 0. Determine x(r).
-6
Let p(n) = 4*n**3 + 4*n**2 - 3*n. Let c(s) = 9*s**3 + 8*s**2 - 5*s - 1. Let m(d) = 3*c(d) - 7*p(d). Suppose -5*f - 55 = 6*f. What is m(f)?
-8
Let k(f) = 6*f**2 - 6*f - 1. Let a(h) = -h**2 + h. Let d(z) = -4*a(z) - k(z). Suppose 6*q + 118 = 4. Let b = q - -21. What is d(b)?
-3
Let v = 4 + -2. Suppose 0 = 3*r + 1 + v. Let y(u) = u**2 + u + 1. Let i(j) = -4*j**3 - 4*j**2 - 2*j - 3. Let d(c) = i(c) + 4*y(c). Determine d(r).
3
Let r = 566 - 561. Let u(s) be the second derivative of -7/2*s**2 + 1/6*s**3 + 0 - r*s. Give u(6).
-1
Let g(i) = -11*i**2 - 23*i - 23. Let s(a) = -11*a + 2 - 5*a**2 - 1 - 13 + 1. Let z(l) = 6*g(l) - 13*s(l). Let y be (-25)/(-4) - (-2)/(-8). What is z(y)?
-1
Let q(m) be the first derivative of m**3/3 + 2*m + 28. Give q(0).
2
Let t(g) be the third derivative of -g**4/24 + 7*g**3/6 - 3*g**2 - 6*g. Determine t(-6).
13
Let f = -16 - -21. Suppose -h - f = -11. Suppose 0*u = -h*u. Let t(i) = -i**3 - i**2. Give t(u).
0
Suppose 0 = -2*q + 2*n - 12, -5*q + 4*n - 2*n = 39. Let g(u) = u**3 + 10*u**2 + 10*u - 13. What is g(q)?
-22
Suppose -2*t + 30 - 32 = -4*a, -t + 7 = 2*a. Let b(f) = f**3 - 4*f**2 + 3*f. Calculate b(t).
0
Let k be (-1 - 0)/((-22)/198). Suppose -12*n = -9*n - k. Let m(o) = o**3 - 3*o**2 - o + 3. Calculate m(n).
0
Let s(o) be the second derivative of -o**6/120 + o**4/8 - o**3/6 + 5*o**2/2 - 9*o. Let q(b) be the first derivative of s(b). Let z = 8 - 6. Determine q(z).
-3
Let i(v) be the third derivative of -v**7/840 + v**6/90 + v**5/120 - v**4/8 - 3*v**3/2 + 17*v**2. Let n(u) be the first derivative of i(u). Determine n(4).
1
Let o(r) = -11*r**3 - r - 1. Suppose -8 = -7*s - 92. Let l be (((-36)/6)/s)/(2/(-4)). Determine o(l).
11
Let u(o) = o**2 + 5*o**3 - 4*o + 3*o + 2 - 1. Let m = 625 + -624. Determine u(m).
6
Let t(h) = 2*h - 3. Let x(q) = -q**2 - 13*q + 14. Let j be x(-14). Let s be t(j). Let y(b) = -1. Let n(a) = 8*a - 1. Let r(i) = -n(i) + 5*y(i). Determine r(s).
20
Let c = -1976 - -1983. Let i(a) be the second derivative of -a**3/6 + 5*a**2 + a. Give i(c).
3
Let l(y) = y**2 + 3*y + 1. Suppose -2*b + 4*q - 12 = 0, -7*q = -b - 2*q - 9. Calculate l(b).
5
Let j(i) = i + 18. Let x(l) = 3*l + 4. Let g be x(0). Suppose g*h + 39 + 29 = 0. Let k be j(h). Let a(d) = -15*d**2 + d. What is a(k)?
-14
Let b(w) = -5*w + 14. Let f(k) = k. Let p(i) = -b(i) - 6*f(i). Let y be p(-15). Let j(s) = -s**3 + 7 + 3*s + 0 - y + 4*s**2 + s**2. Give j(6).
-12
Let g(m) be the third derivative of -m**8/2240 - m**7/1260 - m**6/360 + 11*m**4/6 - 20*m**2. Let c(q) be the second derivative of g(q). Give c(-2).
20
Let r(a) = -a**3 - a + 11. Suppose 3*q + 2 = 20. Suppose 3*c + 45 = q*c. Let i be (0/c)/(0 - 2). Give r(i).
11
Let m(o) = -o**3 - 3*o**2 + 4*o + 2. Let x(d) be the first derivative of d**4/4 + d**3/3 - 2. Let u be x(-2). Give m(u).
2
Let w(h) be the second derivative of -2*h**4/3 - h**3 - 3*h**2 - 3*h. Let p(c) = c**2 - 6 + 15 - 2 - 6. Let r(y) = 6*p(y) + w(y). Calculate r(-4).
-8
Suppose 10*n - 8*n - 4 = 0. Let m(k) = 7*k - 1 - 45*k**2 + 3*k**3 - 2*k**3 + 23*k**n + 16*k**2. Determine m(5).
9
Let a(s) = -31 - 3*s**3 + 6*s**2 + 2*s**3 + 24 + 2*s. Let t(p) = -p**3 - 8*p**2 - 3*p - 1. Let k be t(-6). Let r be (-2)/(-4) - k/10. Determine a(r).
5
Let y be (-5)/(-25) + (-96)/(-20). Let w(d) = -2*d**2 + 6*d - 6. What is w(y)?
-26
Let o(f) be the third derivative of f**4/24 - f**3/6 + f**2. Suppose -4*c + c + 4*t = 22, 3*c + 3*t + 15 = 0. Calculate o(c).
-7
Suppose 4*k = 3*t - 18, k = 3*t - 13 + 4. Let d(h) = 13*h + 2. What is d(t)?
28
Let a(k) = 727 + k - 1469 + k**2 + 735. Suppose -3*j + 4*f + 35 = 0, 3*j + 6 + 4 = -5*f. Determine a(j).
23
Let f(i) = 3*i - 144 - 2*i**2 + 145 - 3*i. Let n be (-4)/16*-4*1. Give f(n).
-1
Let t(q) be the second derivative of -q**6/120 + q**5/15 + q**4/8 - q**3 + 21*q**2/2 - 13*q. Let w(l) be the first derivative of t(l). Give w(4).
6
Let y = -90 + 93. Let s(q) be the first derivative of 5/3*q**y - 1/2*q**2 + 3 - q. Calculate s(-1).
5
Let y(c) = c + 7. Suppose 2*i = -5*a - i + 19, -3*i - 26 = -4*a. Suppose 19 = a*t + 2*o, 3*t - 4*o + 2 = 3. Let d be 2*t - (-4 - -5). Calculate y(d).
12
Let q(u) = 64*u**2 - 3*u - 1. Let c be q(1). Let v = -65 + c. Let h(b) = b**3 + 4*b**2 - 4*b - 1. Calculate h(v).
-6
Let a(s) be the third derivative of s**7/840 + s**6/120 - s**5/24 - s**4/8 + 13*s**3/3 - 20*s**2. Let u(b) be the first derivative of a(b). What is u(-4)?
1
Let o(x) = -x**2 - x + 7. Suppose 5 = -r + 3*y, 4*r + 2*y + 20 = -0*y. What is o(r)?
-13
Let n(b) = -b - 5. Let x be n(-10). Let i(v) = v**2 + 52 + 50 - 98 - x*v. Determine i(3).
-2
Let q(b) be the second derivative of -b**5/20 - b**4/12 + b**3/2 - b**2/2 + 22*b. Let d(s) = 2*s + 3. Let z be d(-3). Give q(z).
8
Let q be 0/(-1) - 14*(-51)/(-238). Let o(y) = -3*y - 9. Determine o(q).
0
Suppose 2 - 1 = g - t, -41 = 4*g + 5*t. Let w(i) be the third derivative of 0 - 5/24*i**4 - 1/12*i**5 - 1/120*i**6 + 4*i**2 + 1/6*i**3 + 0*i. What is w(g)?
5
Suppose -2 = 2*l, 3*s - 34 = -l + 13. Suppose 2*r = -2*r - s. Let w(d) = 3*d**2 + d**2 + 3*d - 3*d**2 + 2. Calculate w(r).
6
Let x(h) = 8*h**2 + h - 4. Let u(k) = -22*k**2 - 2*k + 11. Let b(q) = 3*u(q) + 8*x(q). Give b(2).
-3
Suppose 3*t = -5*h + 22, -2*h = -6*h + 5*t - 12. Suppose 0 = 4*c + 3 + 1, 5*l + h*c = -242. Let q be (l/(-20))/(6/15). Let r(u) = -u**2 + 6*u - 5. Give r(q).
-5
Let q = -18 + 24. Let p(u) = -q*u**2 + 2*u + u**2 + 23 - u**3 - 19. Suppose 2*l - 1 = -n + 2, 3*n - 5 = -5*l. What is p(n)?
-6
Let a(s) = s**3 - 3*s**2 - 6*s + 3. Suppose 2*b - p - 13 = 0, -2*b + 6*b = -p + 11. Calculate a(b).
-5
Let a(y) = 3*y + 50. Let c(g) = g + 16. Let x(z) = -2*a(z) + 7*c(z). What is x(-8)?
4
Let b(v) = 9*v**3 - 2*v**2 + 5*v - 6. Let i(c) = -20*c**3 + 3*c**2 - 10*c + 12. Let x(m) = 9*b(m) + 4*i(m). Calculate x(5).
-6
Let b(a) = 2*a + 4. Let d be b(-5). Let l be (8/6)/(d/(-9)). Let m(s) = -6*s - s + 4 + 0 - 2*s**2 + s**l. Determine m(-6).
10
Let w be 2 + 0/2 - -2. Suppose 6*j + 2*j - 72 = 0. Let z(k) = -3*k - j - k**2 + 3 + 10*k. What is z(w)?
6
Let k(c) = 4*c + 177. Let w be k(-44). Let t(i) = -13*i - 1. What is t(w)?
-14
Let y(l) = -2*l + 8. Suppose 15 = 3*i, -4*o - 2*i + 102 = -184. Suppose -2*x - o = -u, 246 = 4*u + x + x. Let n be ((-2)/(-6))/(3/u). Determine y(n).
-6
Let m(a) = -a - 2. Let c(i) = -7*i - 12. Let q(k) = -c(k) + 6*m(k). What is q(0)?
0
Let y(g) = -g - 1. Let h(z) = 4*z + 3. Let s(k) = -h(k) - 2*y(k). Determine s(4).
-9
Let o(x) = x + 14. Let k = 155 - 142. Calculate o(k).
27
Let q(j) = 5*j + 9. Let i = 403 - 410. Calculate q(i).
-26
Let g(y) = -3*y**2 + 9*y + 16. Let l(q) = q**2 - 1. Let v(t) = -g(t) - 4*l(t). Calculate v(-8).
-4
Let c(k) = k - 1. Let p(s) = -20*s + 20. Let n(o) = -36*c(o) - 2*p(o). Determine n(3).
8
Let m(o) = -o - 3. Let a be m(-5). Let g(j) = 6*j**3 + j**2 - j - 4. Let p(l) = -15*l**3 - 4*l**2 + 4*l + 10. Let z(b) = -8*g(b) - 3*p(b). Determine z(a).
-14
Let m(d) be the first derivative of 3*d**2/2 - 10*d - 17. Calculate m(-7).
-31
Let c(d) = d - 6. Let x be c(8). Let v(u) = -x*u - 6 + 1 + 3*u. Suppose 31*f - 54*f + 138 = 0. Determine v(f).
1
Let t(s) be the first derivative of -s**4/4 - 2*s**3 - s**2 + 7*s + 112. Let d = 13 + -18. Calculate t(d).
-8
Suppose 0 = f - 3*s - 23 + 3, f = -2*s - 5. Let z(b) = f*b**2 + 2*b - b**3 - 4 + 0 + 3*b + 6. Calculate z(6).
-4
Let k(j) = -2*j**3 - 38*j**2 - j - 22. Let t be k(-19). Let y(p) = -p**3 - 3*p**2 + 1. Give y(t).
1
Let p(g) be the first derivative of g**4/4 + 8*g**3/3 + g**2/2 - g - 493. What is p(-8)?
-9
Let p = 1050 - 1061. Let k(r) = r**2 + 11*r - 7. What is k(p)?
-7
Let o = -1440 + 1441. Let n(c) be the third derivative of -c**5/6 + c**4/24 - c**3/6 - c**2. Determine n(o).
-10
Let l = -15 + 21. Let y(w) = -w**2 - 10 + 3*w + 4 + 5 - l*w. Determine y(-1).
1
Let f(l) = -1. Let m(t) = 2*t - 3. Let n(k) = -4*f(k) + 2*m(k). Determine n(-1).
-6
Let g(u) be the third derivative of u**6/120 + 13*u**5/60 + 5*u**4/24 - 8*u**3/3 + 189*u**2. What is g(-12)?
68
Let j(h) = -23*h + 4. Let n(q) = -33*q + 6. Let g(m) = 8*j(m) - 5*n(m). Calculate g(3).
-55
Let j(u) be the first derivative of u**4/4 - 2*u**3 + 5*u**2/2 + 6*u + 11. What is j(6)?
36
Let c(g) = g**3 + 4*g**2 + g - 2. Let l(p) 